43*t + 6. What is the greatest common divisor of 32 and t?
4
Suppose -45 - 59 = -u. Calculate the highest common factor of u and 39.
13
Let r(n) = -28*n - 167. Let k be r(-25). Calculate the greatest common factor of k and 41.
41
Let g(c) = -23*c - 15. Let b be g(-7). Suppose 165 + b = 5*m + 3*u, 0 = -2*m - u + 125. What is the greatest common factor of m and 8?
8
Let q be (-60)/(-2) + 3/((-30)/(-50)). What is the greatest common divisor of 1085 and q?
35
Suppose 69*d - 627 = 66*d. What is the highest common factor of 33 and d?
11
Suppose -20102 = -10*k - 36*k. Calculate the highest common factor of 19 and k.
19
Let h be (-8)/(144/(-1770))*(-6)/(-5). Calculate the highest common factor of 4838 and h.
118
Let v be 403/65 + 2/(-10). Suppose v*d = 317 - 17. Let i be (-1)/(-1)*(-1 + 6). What is the highest common divisor of i and d?
5
Suppose 0 = -k - 5*u - 7, 1 = 4*k + 5*u + 14. Suppose -5*x = -5*g - 60, -2*x + 15 + 15 = -4*g. Let q = x - k. What is the greatest common divisor of q and 99?
11
Suppose -150 = -5*m + 5*k, -m + 148 = 4*m - 3*k. Suppose 5*t = -16 - 54. Let f = m + t. What is the highest common factor of f and 10?
5
Let l = -26 + 17. Let r = 12 + l. Suppose r*j = 68 + 4. Calculate the highest common factor of 168 and j.
24
Let g = -1 - 12. Suppose -16 = 2*t - 48. Let q = t + g. Calculate the highest common divisor of q and 3.
3
Suppose 0 = 10*w + 121 - 271. Calculate the greatest common divisor of 18 and w.
3
Let y(o) = 20*o. Let v be y(4). Let f be ((-760)/114 - 3*-2)*-15. What is the highest common divisor of v and f?
10
Suppose 4*g = 173 + 135. Let c = 16 + -5. Calculate the greatest common divisor of c and g.
11
Suppose -d - 29 = 3*l - 91, 5*l + 2*d = 102. Let c = 75 - -13. What is the greatest common divisor of c and l?
22
Suppose 3393 - 593 = 8*a. Calculate the highest common factor of 10 and a.
10
Suppose -2*r + j - 22 = -3*r, -24 = -r - 2*j. Suppose r = 3*o - 64. Let t be (48/(-64))/(3/(-28)). What is the greatest common factor of t and o?
7
Let a be -2 + (-78)/(-1 - 2). Suppose -21 - 60 = 9*o. Let y = a + o. What is the greatest common divisor of y and 105?
15
Let a(r) = r**2 + 8*r - 75. Let q be a(10). Calculate the highest common factor of q and 42.
21
Let r(v) be the first derivative of v**3 + 7*v**2/2 - 20*v - 45. Let z be r(5). Calculate the greatest common factor of 18 and z.
18
Suppose f = -5*f. Suppose f = 5*d - 10 + 30, 4*r = -2*d + 136. Calculate the highest common divisor of r and 54.
18
Let t = -31 - -142. Let d = t - 30. Suppose -5*z + d = -559. What is the highest common divisor of z and 16?
16
Let h = 59 - 24. Let p be 4 - 6 - (2/(-1) + -1). Suppose -9*r - p = -64. What is the highest common factor of h and r?
7
Let s be 150/(-14) - 2/7. Let r be s/(-3 - 44/(-16)). What is the greatest common divisor of r and 4?
4
Suppose 4*x + 14 = 2*s, -2*s - x + 22 = -17. What is the highest common divisor of 221 and s?
17
Let i(n) = 4*n**2 + 3*n + 1. Let f be i(-1). Let d be (-686)/(-3) - ((-20)/15 + f). What is the greatest common divisor of 38 and d?
38
Suppose -2*q = i - 35, q + 25 = 2*q + 3*i. Suppose 1 = k - 7. Let v(g) = -g**2 + 10*g. Let x be v(k). Calculate the highest common divisor of q and x.
16
Suppose -956 = 23*q - 6591. Calculate the highest common factor of q and 280.
35
Let f = -160 + 385. Let n = 365 - f. Suppose -2*m = 3*m - n. Calculate the greatest common divisor of m and 14.
14
Let c be -2 + 88/40 + (-1)/5. Suppose 5*h + 0*g = g + 499, 3*h + 2*g - 289 = c. Suppose p - 5*p = -36. Calculate the highest common divisor of h and p.
9
Suppose -d + 2*i - 2 + 13 = 0, 0 = -5*d + 5*i + 55. Let w be 309/7 + 1/(-7). Let b = 66 - w. What is the greatest common factor of d and b?
11
Let r(y) = y**2 - 3*y - 2. Let d be r(-7). Let l = d + -44. Suppose 5*h - 2*h = l. What is the greatest common divisor of h and 64?
8
Suppose -5179 = -4*o + p + 280, 5*o - 6822 = 3*p. What is the highest common divisor of o and 105?
105
Suppose 0*s + s - 3 = -5*y, -96 = -5*s + 2*y. Let j = -16 + 22. Calculate the highest common factor of s and j.
6
Let k(g) = g + 4. Let i be k(11). Let o be 76/20 + 3/i. Suppose 3*w - o*w + 9 = 0. Calculate the greatest common divisor of w and 18.
9
Let r be (-788)/(-44) - (-1)/11. Let k be (-3)/(-12) + (-141)/(-12). What is the highest common divisor of k and r?
6
Suppose 0 = -3*c + 13 + 8. Let o(n) = -110*n - 543. Let j be o(-5). Calculate the greatest common divisor of j and c.
7
Suppose -2*b + 12 = 42. Let u be (12/b)/((-2)/5). Suppose 1 = -p - u, 4*x = 4*p + 56. What is the greatest common divisor of x and 1?
1
Let l(h) = h**3 + 21*h**2 - 22*h - 8. Let k be l(-22). Let f(c) = c**2 + 7*c - 5. Let x be f(k). What is the greatest common divisor of x and 2?
1
Suppose -24*p = -1861 + 421. Calculate the highest common divisor of p and 1380.
60
Let y(r) = -r**2 - 18*r + 15. Let f(k) = k**2 + 17*k - 14. Let i(b) = -3*f(b) - 2*y(b). Let m be i(-14). What is the highest common divisor of m and 286?
26
Let q be (8/6)/((-146)/(-5913)). Calculate the greatest common divisor of 135 and q.
27
Suppose 97*s - 89*s = 1024. What is the greatest common factor of s and 8?
8
Suppose 4*x + 4*u - 20 = 0, 2*u = 4 - 0. What is the highest common factor of x and 213?
3
Suppose 98 - 1317 = -23*d. Calculate the highest common divisor of d and 1219.
53
Suppose -3*o + 184 = -2*d, 68 = 4*o - 3*o - 4*d. Let w(x) = 89*x**2 - 2*x - 1. Let g = -6 + 5. Let m be w(g). What is the highest common divisor of o and m?
30
Let n be (15 - 13) + 0 + 0. Suppose -n*a + 2*q = -24, 3*q + 70 = a + 4*a. Let z = -9 + a. What is the greatest common factor of z and 24?
8
Let c(v) = 33*v**2 - 11*v + 10. Let h be c(1). Let y be (18/(-27)*h)/(4/(-6)). What is the greatest common divisor of y and 16?
16
Let m = 101 - 95. What is the greatest common factor of m and 18?
6
Let s = -5 - -7. Let k(c) = -c + 8. Let g = -14 - -21. Let z be k(g). Calculate the highest common factor of z and s.
1
Suppose -3*o - 12 = -0*o. Let f be (543/o - (-3)/(-12))*-1. What is the highest common factor of f and 17?
17
Suppose 3*i = -4*i + 28. Suppose 9*m = i*m + 65. What is the greatest common divisor of 117 and m?
13
Suppose -5*f - 33 = -3*z, -z + 4 + 8 = -2*f. What is the greatest common divisor of z and 6?
6
Suppose 0 = -3*u + u + 6. Let n = u - -3. Suppose 0 = -2*i + 3*i - n. Calculate the highest common factor of 66 and i.
6
Let w(h) = -19*h + 8*h**3 - 5 - 4*h**3 - 5*h**3 - 19*h**2 - 9. Let u be w(-18). What is the greatest common factor of 4 and u?
4
Suppose -3*q = 6*q - 3564. Calculate the greatest common divisor of q and 72.
36
Suppose 0 = -3*m + 5 + 382. What is the greatest common divisor of m and 172?
43
Let b be -5 + (51/2)/((-26)/(-52)). What is the highest common divisor of 69 and b?
23
Let y = -1 + 5. Suppose y = 2*g - 2. Suppose -2*a + a - 72 = -g*k, -24 = -k + 5*a. What is the highest common divisor of 36 and k?
12
Let t = -14 + 74. Suppose -2*k + t = 46. Let m be 107/5 + (-4)/10. What is the highest common factor of m and k?
7
Suppose 0 = 7*q - 286 - 197. Suppose 3 = 4*p - q. Calculate the highest common factor of p and 2.
2
Suppose 3*p - 34 = 2*y, 0 = 5*p + 3*y + 2*y - 65. Let i be (6/p)/(2/4). What is the greatest common factor of i and 3?
1
Suppose -3*r - 18*x + 37 = -13*x, -5*r = 4*x - 53. Calculate the highest common factor of r and 19.
1
Suppose 0 = z + 2*k - 196, -z = -9*k + 8*k - 202. What is the greatest common divisor of z and 50?
50
Let p = 31 + 8. Suppose 2*d - p = 1. What is the greatest common divisor of d and 60?
20
Suppose 14*g + 14 = 16*g. What is the greatest common factor of 161 and g?
7
Suppose -7*n + 473 = -129. What is the greatest common factor of 43 and n?
43
Suppose -12 = 5*f - 92. Let n(p) = -p**3 - 11*p**2 + 8*p - 3. Let m be n(-9). Let v = m + 349. What is the greatest common divisor of f and v?
16
Let w = 1 - -20. Let m be w/(-5) - 2/(-10). Let s = 12 + m. What is the greatest common factor of s and 32?
8
Let x(b) = -b**2 + 309*b + 1910. Let h be x(-6). Let f(u) = u**2 + u - 2. Let q be f(3). What is the greatest common divisor of q and h?
10
Suppose -2*m - 53 = -7. Let i = m - -50. Calculate the greatest common factor of 81 and i.
27
Let s = -40 + -5. Let p = s - -51. Calculate the highest common divisor of p and 30.
6
Let r be (3